0/100)/(3/15).
96
Let q(m) = -m**3 - 6*m**2 - 6*m - 6. Let a(p) = 2*p**3 + 11*p**2 - 10*p - 12. What is the remainder when q(-6) is divided by a(-6)?
6
Let w be -4 - -1*57/3. Let p = w - -8. What is the remainder when p is divided by 12?
11
Let t(c) be the second derivative of 5/6*c**3 - 5*c - 2*c**2 + 0 + 1/5*c**5 - 1/3*c**4. Calculate the remainder when t(3) is divided by 17.
15
Let m(a) = -a**3 + 7*a**2 - 4*a - 8. Let k(t) = -2*t**3 + 8*t**2 - 3*t - 7. Let c(y) = 2*k(y) - 3*m(y). What is the remainder when 38 is divided by c(-6)?
8
Let v be (-2 - 1 - -9) + -3. Suppose v*n = 8*n + 90. What is the remainder when 2 + -1 + n/(-1) is divided by 7?
5
Let t(f) be the third derivative of -f**6/120 - f**5/20 - f**4/12 - f**3 - 126*f**2. Let x = -10 + 6. What is the remainder when 33 is divided by t(x)?
15
Let d = -57 - -122. Suppose 4*p + 5*h - d = 0, 3*p + h - 14 - 32 = 0. Calculate the remainder when 29 is divided by p.
14
Suppose 84 - 16 = 4*w. Let q = -5 + 10. Suppose q*o = m - 24, 2*m + 2*o = m + 59. Calculate the remainder when m is divided by w.
15
Suppose 0*h + 5*s + 125 = 5*h, 0 = 5*h - s - 137. Suppose 2*q = -0*q + h. What is the remainder when 26 is divided by q?
12
Suppose 0 = -2*b + 2, -3*a = b + b - 56. Let f = a + 24. Calculate the remainder when f is divided by 22.
20
Let c(k) = 6*k + 7. Let s be c(7). Let p = s - 155. Let u = 159 + p. Calculate the remainder when u is divided by 14.
11
Let o = -1038 - -1104. What is the remainder when 173 is divided by o?
41
Suppose -9*p = 28*p + 259. Let y(t) = 21*t**2 + t + 1. Let g be y(-1). Let b = g - p. Calculate the remainder when b is divided by 5.
3
Let r be (13 - -349)*(-10)/2. Let u = 1262 + r. What is the remainder when 59 is divided by u/(-34) + 2/(-17)?
11
Let h(m) = -8*m. Let l be h(-8). Let b = 73 - l. Calculate the remainder when b is divided by 3.
0
Suppose -106 = -4*m + 2*v, 3*m - 6*m - 5*v + 60 = 0. Suppose 17*p + p - 126 = 0. Calculate the remainder when m is divided by p.
4
Suppose 0*n + 40 = -5*l - 3*n, -14 = -l - 5*n. Suppose -20 = -5*z, j - 5*j + 92 = -2*z. Let v = j + l. Calculate the remainder when 39 is divided by v.
11
Suppose -7*q + 1414 = 651. What is the remainder when q is divided by 33?
10
Suppose -15 + 8 = -c. Suppose -196 = -c*b + 28. What is the remainder when b is divided by 5?
2
Let v = -43 + 20. Let g = v + 32. Calculate the remainder when -9 - (-8 + -24 + -3) is divided by g.
8
Let x(i) = -4*i**2 + 7*i + 9. Let b be x(7). Let r = b + 199. Let g = 33 - 17. Calculate the remainder when r is divided by g.
13
Suppose 0 = 3*o - 4 - 41. What is the remainder when 4/26 - 2228/(-52) is divided by o?
13
Let h(u) be the third derivative of u**6/120 + 2*u**5/15 - u**4/12 + u**3/6 - 2*u**2. What is the remainder when h(-8) is divided by 9?
8
Let d(r) = 5*r**3 + r**2 - 4. Let m be (-8)/(-6)*(-1)/((-4)/6). Let i = 12 - -2. What is the remainder when d(m) is divided by i?
12
Let p be -4 - -5 - (-28)/2. Suppose 4*x + 2*g + 19 = 5*x, 72 = 3*x - 3*g. What is the remainder when x is divided by (p/45)/(2/60)?
9
Calculate the remainder when 94 is divided by (-97)/(-3) - 61/183.
30
Let b(x) = -11*x + 128. What is the remainder when 326 is divided by b(6)?
16
Let p(n) = -5*n + 41. Suppose -70 = -4*y + d + d, 0 = 5*y - 5*d - 100. What is the remainder when y is divided by p(7)?
3
Suppose 0 = -4*x + 8, 0 = -0*j + 2*j + 2*x + 856. What is the remainder when ((-2)/5)/(2/j) is divided by 15?
11
Let d = -1075 + 1111. Suppose 29 = 2*q - 3. Suppose 2*w - 2*v - q = 0, 0*w = 2*w + v - 31. What is the remainder when d is divided by w?
10
Let h(p) = 7*p**2 + 4*p + 25. Calculate the remainder when h(-3) is divided by 13.
11
Suppose 0 = 3*s + 3*l - 21, -3*s + 1 - 20 = -5*l. Let w(r) = -r**3 + 5*r**2 - 3*r + 2. Calculate the remainder when (-5)/(20/(-108)) - -3 is divided by w(s).
6
Suppose 2*r + 6*m = 10*m + 788, -m - 3 = 0. What is the remainder when r is divided by 13?
11
Let w = -93 + 212. Calculate the remainder when w is divided by 18.
11
Suppose -c + 11 + 8 = 4*f, 3*f = 3*c - 42. Let a = 42 - c. Let r = 2 - -8. What is the remainder when a is divided by r?
7
Suppose -3*u + 37 - 13 = 0. Let b(h) = 2*h - 19. Let w be b(11). Suppose t - 124 = -4*g + 2*t, -w*g = -5*t - 93. Calculate the remainder when g is divided by u.
7
Let q(i) = i - 3. Let u be q(8). Suppose 0 = -3*g - 3*z + 18, 0*z + 9 = -2*g + u*z. What is the remainder when 61 is divided by (g - 1)/(4/32)?
13
Suppose -152 = -s - 3*s. Suppose -2*x = 224 - 1118. Suppose -5*n + 10*h + 745 = 6*h, -3*n - 5*h + x = 0. Calculate the remainder when n is divided by s.
35
Suppose -77 = -22*u + 187. Calculate the remainder when 115 is divided by u.
7
What is the remainder when 301 is divided by 0/1 - (-76 + (-10 - -10))?
73
Suppose 14 + 30 = 2*x. Calculate the remainder when 216 is divided by x.
18
Let w(p) = 0*p**2 + 3*p**3 - p + 9*p**3 - 11*p**3 - p**2. Let s be w(0). Suppose s = -h + 3*h - 18. Calculate the remainder when 17 is divided by h.
8
Let l(a) = -a**2 - 16*a + 28. What is the remainder when l(-17) is divided by 11?
0
Suppose 176 = -3*b + 53. Let s = b - -154. Suppose -87 = -5*w + s. Calculate the remainder when w is divided by 14.
12
Let r be (-12)/(-21)*(-21)/(-6). Suppose 21 - 1 = r*m. Calculate the remainder when m is divided by 4.
2
Let i be (3/2)/((-3)/(-4)). Suppose -i*q - 25 = -7*q. Suppose -3*h + q*h + 32 = 2*u, 53 = 3*u + 2*h. What is the remainder when 32 is divided by u?
15
Let a = 23 - 12. Let w = 2 + a. Calculate the remainder when 1/(-3) + (-112)/(-3) is divided by w.
11
Let u = -2372 + 2687. Calculate the remainder when u is divided by 103.
6
Suppose -7*v + 4*v - 6 = 0, 7*v + 58 = 4*w. What is the remainder when 240 is divided by w?
9
Suppose -9*q + 316 = -602. Calculate the remainder when 401 is divided by q.
95
Let y(u) = u**2 - 4*u + 2. Let q(a) = 12*a - 5. What is the remainder when q(5) is divided by y(6)?
13
Suppose 30 = -2*f + 2*n, -n + 20 = -2*f - 4*n. Let t = 34 - f. Calculate the remainder when t is divided by 25.
22
Suppose 5*z = -20, -2*v = 2*z - 11 - 1. Let y(d) = d**3 + 8*d**2 + 4*d - 6. Calculate the remainder when y(-7) is divided by v.
5
Suppose 3*x - 2*h - 100 = 0, h + 3 = 1. What is the remainder when x is divided by ((-22)/(-4))/((-4)/(-40)*5)?
10
Suppose 5*z - 3*z + 16 = 0. Suppose -h = -3*h + 86. What is the remainder when h is divided by -22*-2*(-2)/z?
10
Suppose 5*u = 2*u + 69. Suppose 2*m + 5*x - 24 = u, -9 = 3*x. Suppose 5*p - 79 = m. Calculate the remainder when 41 is divided by p.
19
Let z = -69 + 106. Let w be ((-392)/14)/(-6 + 12/3). Let h = z - w. Calculate the remainder when 91 is divided by h.
22
Let k(w) = -89*w - 279. What is the remainder when k(-9) is divided by 66?
60
Let i(p) = -3*p**3 - 2*p**2 - 6*p - 14. Suppose 0 = 3*b - 176 - 325. Suppose -38 = -5*w + b. Calculate the remainder when w is divided by i(-2).
13
Suppose 126 = -176*c + 179*c. Calculate the remainder when 116 is divided by c.
32
Let v(a) = 116*a + 174. What is the remainder when v(7) is divided by 33?
29
Let d(o) = o**2 - 5*o + 5. Suppose -3*w + 38 = -w + 3*n, 5*n = 4*w - 32. Let m = w + -8. What is the remainder when d(m) is divided by 2?
1
Let q(c) = c**3 - 6*c**2 - 5*c + 9. Let l be q(6). Let y(k) = -k**3 - 22*k**2 - 20*k + 24. Calculate the remainder when 15 is divided by y(l).
0
What is the remainder when 126 is divided by 479*(-5)/(-65) + 10/65?
15
Let s be 3/(-4) + (-9)/4. Let d(o) = -o**3 + o**2 + 14. Calculate the remainder when ((-82)/s)/((-18)/(-27)) is divided by d(0).
13
Suppose 2*m + 0 = 8. Suppose c = -m*c + 85. Calculate the remainder when 49 is divided by c.
15
Suppose 0 = -y - 2*y + 135. Let q(h) be the first derivative of h**3/3 + 11*h**2/2 - 34*h - 22. What is the remainder when y is divided by q(-14)?
5
Let m(w) = -w**2 + 6*w - 5. Let n be m(5). Suppose n = -9*l + 10*l - 16. Calculate the remainder when 57 is divided by l.
9
Let o(y) = y**3 + 7*y**2 - 7*y + 3. Let f = 5862 + -5834. Calculate the remainder when o(-6) is divided by f.
25
Let k = -12 - -26. Let z = 1 - 4. What is the remainder when 0 + z/3 + 26 is divided by k?
11
Let m(x) = 9*x - 16. Calculate the remainder when 118 is divided by m(4).
18
Suppose s = -3*j + 663, -2*j = j - 2*s - 663. Calculate the remainder when j is divided by